f 95 and 79?
1
What is the highest common factor of 9518996 and 12?
4
Calculate the greatest common divisor of 320502 and 371.
7
Calculate the greatest common factor of 22907592 and 144.
72
Calculate the greatest common factor of 162112 and 4023.
149
Calculate the greatest common divisor of 49742 and 5783162.
2618
Calculate the highest common divisor of 508 and 10688066.
254
What is the highest common divisor of 407267 and 15841?
511
Calculate the greatest common divisor of 101539 and 2773.
59
What is the greatest common factor of 4089023 and 704753?
1213
What is the greatest common factor of 3058 and 21940872?
278
Calculate the greatest common factor of 248 and 311246882.
62
What is the highest common factor of 19851960 and 4940?
380
Calculate the highest common factor of 4743 and 320912.
31
What is the highest common divisor of 261 and 53286891?
87
Calculate the highest common divisor of 473975 and 425.
25
Calculate the highest common divisor of 4569488 and 1400.
56
Calculate the highest common divisor of 36 and 105703434.
18
Calculate the greatest common factor of 8756 and 60303368.
796
What is the highest common factor of 295942 and 949?
73
Calculate the highest common factor of 1428 and 6749862.
42
Calculate the highest common factor of 197397 and 32481.
81
What is the highest common divisor of 5467128 and 40?
8
What is the greatest common factor of 257534104 and 16?
8
Calculate the greatest common divisor of 885651720 and 765.
255
What is the greatest common divisor of 59521620 and 32?
4
Calculate the highest common factor of 4024682 and 34.
34
Calculate the highest common divisor of 208322944 and 256.
128
What is the highest common factor of 440 and 410003924?
44
Calculate the greatest common divisor of 59280 and 320060.
260
What is the greatest common divisor of 73853 and 3991273?
3211
Calculate the highest common divisor of 870870 and 2926.
154
What is the greatest common factor of 48272 and 9884?
28
Calculate the greatest common factor of 133384851 and 18.
9
Calculate the highest common factor of 45988976 and 2464.
176
Calculate the greatest common factor of 27800 and 4862075.
25
Calculate the highest common factor of 70 and 2922794.
14
Calculate the highest common divisor of 968531 and 19729.
181
What is the highest common factor of 3325815 and 810?
45
Calculate the highest common divisor of 1715 and 23600311.
49
What is the greatest common divisor of 5432 and 7433692?
2716
What is the greatest common factor of 230 and 2821134?
46
What is the highest common factor of 7717305 and 1?
1
Calculate the greatest common factor of 8795220 and 3311.
301
Calculate the highest common factor of 8495420 and 320.
20
Calculate the greatest common divisor of 7742 and 265678.
98
Calculate the highest common divisor of 22288 and 17896866.
398
What is the highest common divisor of 132856155 and 270?
45
Calculate the highest common factor of 3288610 and 2870.
410
What is the greatest common factor of 62405910 and 35?
35
Calculate the highest common divisor of 680427 and 594.
297
What is the greatest common factor of 9711 and 2027077?
13
Calculate the greatest common factor of 59485 and 285.
5
Calculate the highest common factor of 2128 and 138352376.
152
What is the greatest common factor of 1868949 and 477?
9
Calculate the greatest common factor of 1519896 and 830.
166
What is the highest common divisor of 31878 and 2532838?
154
Calculate the greatest common divisor of 1585 and 10442297.
317
Calculate the greatest common divisor of 3333 and 639229.
101
Calculate the highest common divisor of 210769 and 319030.
523
Calculate the greatest common divisor of 4 and 298455182.
2
Calculate the greatest common factor of 135588702 and 4794.
4794
Calculate the highest common factor of 64 and 76950768.
16
What is the greatest common divisor of 6172 and 184413188?
6172
Calculate the greatest common factor of 2250859 and 76219.
533
What is the highest common factor of 5088 and 5340810?
318
Calculate the greatest common divisor of 7134 and 128586.
174
Calculate the greatest common divisor of 265737 and 18112.
283
What is the greatest common divisor of 54 and 187790706?
18
Calculate the greatest common divisor of 512 and 114125440.
128
What is the highest common divisor of 14166 and 107567160?
4722
Calculate the greatest common factor of 34820320 and 130730.
7690
What is the highest common factor of 351414225 and 3978?
153
Calculate the greatest common factor of 452 and 12236996.
452
Calculate the greatest common divisor of 2136 and 739349700.
1068
Calculate the highest common divisor of 39181374 and 39744.
1242
What is the greatest common factor of 154204794 and 43?
43
Calculate the highest common factor of 9042 and 25068534.
822
Calculate the greatest common factor of 17763942 and 168.
42
What is the greatest common factor of 48349246 and 22?
22
What is the highest common divisor of 247 and 10321987?
13
Calculate the greatest common factor of 27645 and 362004.
291
Calculate the greatest common divisor of 1677505 and 213440.
3335
Calculate the greatest common factor of 9021 and 13097097.
93
What is the highest common divisor of 22316891 and 2693?
2693
Calculate the greatest common factor of 76023917 and 63843.
1637
What is the greatest common factor of 447168 and 39712?
544
Calculate the greatest common divisor of 810 and 174143790.
270
What is the greatest common divisor of 2878845752 and 62?
62
Calculate the highest common divisor of 1071875 and 1435.
35
What is the highest common divisor of 818 and 161258066?
818
Calculate the highest common factor of 28 and 995614522.
14
What is the highest common divisor of 170703 and 40131?
117
What is the highest common factor of 255040 and 12864?
64
Calculate the greatest common factor of 311764 and 1640.
164
Calculate the greatest common factor of 11777084 and 352.
44
Calculate the highest common factor of 134235 and 1725390.
855
What is the greatest common factor of 653 and 613186590?
653
Calculate the greatest common divisor of 69023 and 1824608.
3001
Calculate the highest common divisor of 880 and 190.
10
What is the greatest common divisor of 40417 and 15498365?
3109
Calculate the highest common factor of 74176 and 10534208.
1216
Calculate the greatest common divisor of 4870864 and 4.
4
What is the greatest common divisor of 19494 and 153064?
722
Calculate the highest common divisor of 6 and 255359880.
6
What is the highest common factor of 2727475 and 553?
79
What is the greatest common factor of 7164 and 24450931?
199
What is the greatest common divisor of 887 and 10490549?
887
What is the greatest common divisor of 2403675946 and 7?
7
What is the greatest common divisor of 2446007328 and 306?
306
Calculate the highest common factor of 1590 and 395026755.
795
Calculate the highest common factor of 15 and 1653741.
3
Calculate the highest common divisor of 123032 and 10612.
28
What is the highest common factor of 9988 and 1238468?
44
What is the highest common divisor of 629 and 2154547?
37
What is the highest common factor of 9869 and 443549?
139
What is the highest common factor of 8711 and 313441?
31
Calculate the greatest common factor of 978 and 19015254.
978
Calculate the greatest common divisor of 7007 and 1261568.
77
What is the highest common factor of 19020 and 39628?
4
Calculate the highest common factor of 15007391 and 4795.
959
Calculate the greatest common factor of 70016 and 66187.
547
What is the highest common divisor of 4467500 and 18125?
625
Calculate the greatest common factor of 1212 and 17377454.
202
Calculate the highest common divisor of 8569 and 744724.
779
What is the greatest common factor of 121737470 and 7450?
1490
Calculate the greatest common factor of 10945893 and 3444.
861
Calculate the highest common factor of 374584 and 7.
7
What is the greatest common factor of 1890 and 27589590?
630
Calculate the greatest common factor of 187960271 and 1751.
103
What is the highest common divisor of 12948150 and 9250?
1850
What is the highest common factor of 182736 and 10138464?
6768
Calculate the highest common divisor of 55095500 and 25.
25
Calculate the highest common factor of 16248546 and 297.
27
What is the greatest common divisor of 128748 and 24?
12
What is the highest common divisor o